s 111 - -7?
120
In base 13, what is c1 - -3?
c4
In base 15, what is 10 + -98?
-88
In base 3, what is -2220002 - -1?
-2220001
In base 2, what is 10101 - -11?
11000
In base 8, what is 5 - 22?
-15
In base 7, what is -262 - 3?
-265
In base 14, what is 5 + -2018?
-2013
In base 4, what is 21022 + 10?
21032
In base 2, what is -1100011 - 10111?
-1111010
In base 16, what is 5088 + 5?
508d
In base 10, what is 1 - 226?
-225
In base 3, what is 11 + 11002?
11020
In base 9, what is -5 + 47?
42
In base 13, what is -55 - -5?
-50
In base 4, what is 120 + -12?
102
In base 8, what is -5 - 62?
-67
In base 16, what is 5cb + -1?
5ca
In base 16, what is -3 - 9c?
-9f
In base 12, what is -19 + -160?
-179
In base 2, what is 10100111 - -11?
10101010
In base 6, what is -1111 + 3?
-1104
In base 15, what is -1 + -3?
-4
In base 10, what is -386 + 6?
-380
In base 7, what is 4 + -65?
-61
In base 2, what is -10 - -100001000010?
100001000000
In base 8, what is -41 + 131?
70
In base 5, what is 1 + 3133?
3134
In base 5, what is -10 + -10220?
-10230
In base 8, what is 3 + -473?
-470
In base 16, what is -1 - cd2?
-cd3
In base 9, what is 8 - 5356?
-5347
In base 14, what is -10 - -2?
-c
In base 6, what is 3 + -412?
-405
In base 16, what is -1bd + 5?
-1b8
In base 9, what is -61 - 67?
-138
In base 15, what is -1d0 + -3?
-1d3
In base 14, what is -5 - -165?
160
In base 3, what is 21002 - 0?
21002
In base 11, what is -1 + a2?
a1
In base 5, what is 2 - -22414?
22421
In base 6, what is 3 - 3323?
-3320
In base 12, what is 536 - 3?
533
In base 5, what is 3 - -34?
42
In base 14, what is 2ac + -2?
2aa
In base 5, what is -4041 - -10?
-4031
In base 14, what is -78 - 5?
-7d
In base 14, what is -4 + -47b?
-481
In base 2, what is 101 - -100111011001?
100111011110
In base 16, what is -2 - 88?
-8a
In base 13, what is 237 - -a?
244
In base 7, what is 305 + 1?
306
In base 9, what is 27 - 1?
26
In base 13, what is -56a - 1?
-56b
In base 9, what is 2 - -12?
14
In base 8, what is -6 + -31?
-37
In base 10, what is 132 + 1?
133
In base 14, what is 4 - -77?
7b
In base 4, what is 202 - -3300?
10102
In base 5, what is 1 - 1143?
-1142
In base 15, what is 5 + e2?
e7
In base 15, what is -5a2 - 1?
-5a3
In base 5, what is 13 + 1003?
1021
In base 10, what is -163 - 1?
-164
In base 6, what is -313 + -125?
-442
In base 7, what is -10 + -305?
-315
In base 4, what is 123 - 23?
100
In base 12, what is -8b + -1?
-90
In base 7, what is 43 - -11?
54
In base 7, what is -26 + 21?
-5
In base 5, what is 10413 + 10?
10423
In base 5, what is 123 - -14?
142
In base 15, what is 0 + -12d3?
-12d3
In base 14, what is 9 + 146?
151
In base 13, what is -62 + 5?
-5a
In base 8, what is -1 - 365?
-366
In base 16, what is -5 + e?
9
In base 12, what is 0 - -483?
483
In base 8, what is -147 + -6?
-155
In base 15, what is -611 - 9?
-61a
In base 11, what is -2 + 1?
-1
In base 15, what is 0 + 35?
35
In base 6, what is -50 + 15?
-31
In base 11, what is -5 + -47?
-51
In base 6, what is 455 - -3?
502
In base 13, what is 1005 + 4?
1009
In base 11, what is 31 + 48?
79
In base 9, what is -6 - 2568?
-2575
In base 4, what is -10 - 30001?
-30011
In base 9, what is 10 + -2155?
-2145
In base 2, what is -10001100 - 0?
-10001100
In base 15, what is 5ab - 0?
5ab
In base 5, what is 2 + -3231?
-3224
In base 6, what is -11210 + 12?
-11154
In base 15, what is 11b - b?
110
In base 6, what is -50 + -3?
-53
In base 10, what is -4 - 54?
-58
In base 10, what is -14 + -15?
-29
In base 11, what is 67a7 + 0?
67a7
In base 16, what is 180b - -3?
180e
In base 7, what is -1 - -13?
12
In base 6, what is 12 - -43?
55
In base 11, what is 112 - -5?
117
In base 4, what is -3 - -100201?
100132
In base 10, what is 5 - -163?
168
In base 12, what is -55a - 26?
-584
In base 11, what is 5591 - 5?
5587
In base 11, what is 1 - 359?
-358
In base 16, what is 1772 + -4?
176e
In base 3, what is -1121 - -12?
-1102
In base 14, what is -3 + 5c9?
5c6
In base 13, what is -1b + -a?
-28
In base 10, what is -674 + 2?
-672
In base 7, what is -3156 + -24?
-3213
In base 12, what is -3 - 14?
-17
In base 16, what is 3d1 - -3?
3d4
In base 6, what is 42 + 0?
42
In base 6, what is 1210 - 41?
1125
In base 12, what is 69 + 2?
6b
In base 6, what is -1 + 332?
331
In base 14, what is 1d7 + c?
205
In base 15, what is 283 + 5?
288
In base 14, what is b97 - 5?
b92
In base 13, what is 22 + -c2?
-a0
In base 2, what is 1101 + -110010?
-100101
In base 14, what is c + -19?
-b
In base 16, what is 8 - 3e?
-36
In base 2, what is 101111 + 110111?
1100110
In base 6, what is 2214 + 3?
2221
In base 3, what is -11 - 1221?
-2002
In base 5, what is -234 - 20?
-304
In base 2, what is -1 + -10?
-11
In base 12, what is 12 + -b?
3
In base 4, what is -1 + -10232?
-10233
In base 14, what is 3 + -3d?
-3a
In base 2, what is 1000000 - -111?
1000111
In base 3, what is -10 + 120?
110
In base 6, what is 1111 - -40?
1151
In base 3, what is -11 + -100200101?
-100200112
In base 4, what is -201 + 223?
22
In base 6, what is 1200 - -12?
1212
In base 9, what is -5 + 80?
74
In base 15, what is -c08 + 2?
-c06
In base 14, what is 10c - -d?
11b
In base 13, what is c - 8?
4
In base 4, what is -22 + 20?
-2
In base 14, what is -86 - -10b?
65
In base 6, what is -12 - -4143?
4131
In base 15, what is -5d + -a9?
-117
In base 11, what is -77 + 2?
-75
In base 5, what is 4 + -11022?
-11013
In base 11, what is 5 + -57?
-52
In base 9, what is 372 + 0?
372
In base 3, what is -122 + 1210?
1011
In base 4, what is 10 - 2320?
-2310
In base 6, what is -403 + 0?
-403
In base 8, what is -46234 + -5?
-46241
In base 15, what is 1 + 152?
153
In base 4, what is -332 - -11?
-321
In base 2, what is -110 + 11110111?
11110001
In base 2, what is 10 - -1000100010000?
1000100010010
In base 14, what is 3 - -4?
7
In base 5, what is -13 - -132?
114
In base 13, what is -7 - 221?
-228
In base 15, what is -a6 - -3e?
-67
In base 15, what is 2 - 30a?
-308
In base 13, what is 62 - 1?
61
In base 11, what is 5 - 48?
-43
In base 3, what is 2 + -22101?
-22022
In base 9, what is -1 + 1033?
1032
In base 9, what is -1 - 17?
-18
In base 13, what is 3 + -394?
-391
In base 16, what is -1 - -bf1?
bf0
In base 8, what is 331 - 25?
304
In base 3, what is -112122 - 2?
-112201
In base 13, what is -5 - -513?
50b
In base 5, what is -2 + 11110?
11103
In base 3, what is 11 + -11?
0
In base 10, what is -499 + -7?
-506
In base 4, what is -1 - -10?
3
In base 5, what is 24431 - 10?
24421
In base 4, what is -33020 - 0?
-33020
In base 13, what is -6c0 + 4?
-6b9
In base 8, what is -5 - 16171?
-16176
In base 16, what is -2b - -8?
-23
In base 5, what is 101 + -10?
41
In base 10, what is 8 + 247?
255
In base 16, what is -2 - f8?
-fa
In base 12, what is -31 + -7?
-38
In base 8, what is 133 - 206?
-53
In base 15, what is 10 - -6?
16
In base 2, what is 0 + -100001011?
-100001011
In base 7, what is 1 + -6336?
-6335
In base 7, what is -101 - -5?
-63
In base 6, what is 10 + 150?
200
In base 7, what is -5 - -100?
62
In base 10, what is 8 - -90?
98
In base 8, what is 3 + -273?
-270
In base 2, what is -1 + -11101100010?
-11101100011
In base 7, what is -60161 - -4?
-60154
In base 3, what is -20 + 102202?
102112
In base 5, what is -1 + 14013?
14012
In base 6, what is -3 - 1300?
-1303
In base 3, what is -10111 + -11?
-10122
In base 6, what is -4111 + -1?
-4112
In base 13, what is 1c - 38?
-19
In base 2, what is 1010101011 - -11?
1010101110
In base 6, what is 4 + 441?
445
In base 7, what is 0 + 24?
24
In base 14, what is -2 + -53c?
-540
In base 16, what is -b59 - 8?
-b61
In base 5, what is 120423 + 1?
120424
In base 4, what is -2 + 30?
22
In base 10, what is -372 - -15?
-357
In base 11, what is 7 - -24?
30
In base 14, what is -4 + 11?
b
In base 11, what is -7 + 470?
464
In base 6, what is -12542 - 2?
-12544
In base 11, what is -13 - 44a?
-462
In base 2, what is -11101 + 1100?
-10001
In base 9, what is -2418 - -1?
-2417
In base 15, what is 3 + -254?
-251
In base 6, what is 2 + -25?
-23
In base 12, what is -36 + 2?
-34
In base 6, what is -10042 - -5?
-10033
In base 2, what is -10110001 + -10?
-10110011
In base 13, what is -1 - 1b1?
-1b2
In base 10, what is 22 - -2?
24
In base 14, what is -1 - -1d?
1c
In base 12, what is 4 + 1b26?
1b2a
In base 4, what is 130032 - 3?
130023
In base 8, what is 11 - 27?
-16
In base 14, what is -222 - -1